{"id":106,"date":"2020-11-10T20:46:18","date_gmt":"2020-11-10T19:46:18","guid":{"rendered":"https:\/\/kiteverein.de\/kitereisen\/?page_id=106"},"modified":"2025-01-16T10:32:35","modified_gmt":"2025-01-16T09:32:35","slug":"startseite-2","status":"publish","type":"page","link":"https:\/\/kiteverein.de\/kitereisen\/startseite-2\/","title":{"rendered":"Kiteverein Goes Brasil 2021"},"content":{"rendered":"\t\t<div data-elementor-type=\"wp-page\" data-elementor-id=\"106\" class=\"elementor elementor-106\" data-elementor-post-type=\"page\">\n\t\t\t\t\t\t<section class=\"elementor-section elementor-top-section elementor-element elementor-element-bb4bf07 elementor-section-full_width elementor-section-height-min-height elementor-section-height-default elementor-section-items-middle\" data-id=\"bb4bf07\" data-element_type=\"section\" data-settings=\"{&quot;background_background&quot;:&quot;classic&quot;,&quot;shape_divider_bottom&quot;:&quot;kiteverein_wave&quot;,&quot;shape_divider_bottom_negative&quot;:&quot;yes&quot;}\">\n\t\t\t\t\t<div class=\"elementor-shape elementor-shape-bottom\" data-negative=\"true\">\n\t\t\t<svg xmlns=\"http:\/\/www.w3.org\/2000\/svg\" viewBox=\"0 0 1000 144\" preserveAspectRatio=\"none\">\r\n\t<path class=\"elementor-shape-fill\" d=\"M1000.6,0.5v25.2c0,0-72.7,111.9-147.2,111.9c-92.8,0-125.8-116.3-201.1-116.3c-57.1,0-168.8,64.1-248.9,64.1\r\n\t\tc-75,0-115.4-79.9-166.3-79.9C166.7,5.6,200.5,91,0.5,91v53h1000.6V0.5H1000.6z\"\/>\r\n<\/svg>\r\n\t\t<\/div>\n\t\t\t\t\t<div class=\"elementor-container elementor-column-gap-default\">\n\t\t\t\t\t<div class=\"elementor-column elementor-col-100 elementor-top-column elementor-element elementor-element-5cd22d31\" data-id=\"5cd22d31\" data-element_type=\"column\">\n\t\t\t<div class=\"elementor-widget-wrap\">\n\t\t\t\t\t\t\t<\/div>\n\t\t<\/div>\n\t\t\t\t\t<\/div>\n\t\t<\/section>\n\t\t\t\t<section class=\"elementor-section elementor-top-section elementor-element elementor-element-3a80bb5d elementor-section-content-top elementor-section-boxed elementor-section-height-default elementor-section-height-default\" data-id=\"3a80bb5d\" data-element_type=\"section\">\n\t\t\t\t\t\t<div class=\"elementor-container elementor-column-gap-wider\">\n\t\t\t\t\t<div class=\"elementor-column elementor-col-100 elementor-top-column elementor-element elementor-element-687497a5\" data-id=\"687497a5\" data-element_type=\"column\">\n\t\t\t<div class=\"elementor-widget-wrap elementor-element-populated\">\n\t\t\t\t\t\t<div class=\"elementor-element elementor-element-7023330c elementor-widget elementor-widget-heading\" data-id=\"7023330c\" data-element_type=\"widget\" data-widget_type=\"heading.default\">\n\t\t\t\t<div class=\"elementor-widget-container\">\n\t\t\t\t\t<h2 class=\"elementor-heading-title elementor-size-default\">Kiteverein Goes Brasil 2021<\/h2>\t\t\t\t<\/div>\n\t\t\t\t<\/div>\n\t\t\t\t<div class=\"elementor-element elementor-element-6688a780 elementor-widget elementor-widget-text-editor\" data-id=\"6688a780\" data-element_type=\"widget\" data-widget_type=\"text-editor.default\">\n\t\t\t\t<div class=\"elementor-widget-container\">\n\t\t\t\t\t\t\t\t\t<p>Es geht wieder los. Kiteverein goes Basil. Wir planen bereits f\u00fcr\u00b4s Jahr 2021 erneut Brasilien mit unseren Abenteuern zu besuchen und wollen dich einladen. Sei dabei! Erlebe ein unvergessliches Abenteuer mit dem Kiteverein. Lerne Land und Leute kennen und berichte von deinem erlebten! Du willst dabei sein? Du willst auch ein unbeschreibliches Abenteuer erleben? Gebe deine Daten an und alles weitere werden wir dann vorbereiten.<\/p>\t\t\t\t\t\t\t\t<\/div>\n\t\t\t\t<\/div>\n\t\t\t\t\t<\/div>\n\t\t<\/div>\n\t\t\t\t\t<\/div>\n\t\t<\/section>\n\t\t\t\t<section class=\"elementor-section elementor-top-section elementor-element elementor-element-38b6fe90 elementor-section-content-top elementor-section-boxed elementor-section-height-default elementor-section-height-default\" data-id=\"38b6fe90\" data-element_type=\"section\">\n\t\t\t\t\t\t<div class=\"elementor-container elementor-column-gap-wider\">\n\t\t\t\t\t<div class=\"elementor-column elementor-col-50 elementor-top-column elementor-element elementor-element-2423a034\" data-id=\"2423a034\" data-element_type=\"column\">\n\t\t\t<div class=\"elementor-widget-wrap elementor-element-populated\">\n\t\t\t\t\t\t<div class=\"elementor-element elementor-element-750f956f elementor-widget elementor-widget-heading\" data-id=\"750f956f\" data-element_type=\"widget\" data-widget_type=\"heading.default\">\n\t\t\t\t<div class=\"elementor-widget-container\">\n\t\t\t\t\t<h3 class=\"elementor-heading-title elementor-size-default\">Warum Brasilien?<\/h3>\t\t\t\t<\/div>\n\t\t\t\t<\/div>\n\t\t\t\t<div class=\"elementor-element elementor-element-0f9578e elementor-widget elementor-widget-text-editor\" data-id=\"0f9578e\" data-element_type=\"widget\" data-widget_type=\"text-editor.default\">\n\t\t\t\t<div class=\"elementor-widget-container\">\n\t\t\t\t\t\t\t\t\t<p><a href=\"https:\/\/brasilien.de\/\" target=\"_blank\" rel=\"noopener\">Basilien<\/a> ist nicht nur bekannt f\u00fcr Samba und die <a href=\"https:\/\/de.wikipedia.org\/wiki\/Cristo_Redentor_(Rio_de_Janeiro)\" target=\"_blank\" rel=\"noopener\">38m hohe Christusstatue auf dem Berg Corcovado<\/a> sondern auch f\u00fcr die Kilometerlangen Str\u00e4nde, die Hohen D\u00fcnen und die nahezu perfekten Bedingungen viele Stunden auf dem Wasser zu verbringen. Bei 28 Grad Wassertemperatur kann auch dein Neoprenanzug getrost in deiner Kiste zu Hause bleiben. Brasilien kann deine Erwartungen an ein ausgewogenes Abenteuer erf\u00fcllen. Also worauf wartet du noch? Kiteverein goes Brasil, folge dem Slogan und gehe mit uns auf deine unvergessliche Kitereise 2021.<\/p>\t\t\t\t\t\t\t\t<\/div>\n\t\t\t\t<\/div>\n\t\t\t\t\t<\/div>\n\t\t<\/div>\n\t\t\t\t<div class=\"elementor-column elementor-col-50 elementor-top-column elementor-element elementor-element-65e60e2b elementor-hidden-tablet elementor-hidden-phone\" data-id=\"65e60e2b\" data-element_type=\"column\">\n\t\t\t<div class=\"elementor-widget-wrap elementor-element-populated\">\n\t\t\t\t\t\t<div class=\"elementor-element elementor-element-62dc928e elementor-widget elementor-widget-course-plate\" data-id=\"62dc928e\" data-element_type=\"widget\" data-widget_type=\"course-plate.default\">\n\t\t\t\t<div class=\"elementor-widget-container\">\n\t\t\t\t\t<div class=\"course-plate-container\"><div class=\"plate-background\" style=\"flex-direction:column-reverse; background: url(https:\/\/kiteverein.de\/kitereisen\/wp-content\/uploads\/sites\/3\/2021\/01\/course_board_price.svg) center center no-repeat; background-size:contain;\"><div class=\"course-plate-price\"><h3>1499,00 &#8364;<\/h3><\/div><div class=\"course-plate-requirements\"><h2 class=\"course-plate-title\">Kitereise 2021<\/h2><\/div><div class=\"plate-image\" style=\"\n              -webkit-mask: url(https:\/\/kiteverein.de\/kitereisen\/wp-content\/uploads\/sites\/3\/2021\/01\/course_board_price_mask.svg);\n              -webkit-mask-repeat: no-repeat;\n              -webkit-mask-position: center;\n              mask: url(https:\/\/kiteverein.de\/kitereisen\/wp-content\/uploads\/sites\/3\/2021\/01\/course_board_price_mask.svg);\n              mask-repeat: no-repeat;\n              mask-position: center;\"><img decoding=\"async\" src=\"https:\/\/kiteverein.de\/kitereisen\/wp-content\/uploads\/sites\/3\/2021\/01\/rio-de-janeiro-3549803-500x333.jpg\" alt=\"Kiteverein goes Brasil\" title=\"Kiteverein goes Brasil\"><\/div><\/div><\/div>\t\t\t\t<\/div>\n\t\t\t\t<\/div>\n\t\t\t\t\t<\/div>\n\t\t<\/div>\n\t\t\t\t\t<\/div>\n\t\t<\/section>\n\t\t\t\t<section class=\"elementor-section elementor-top-section elementor-element elementor-element-17b0626d elementor-section-content-top elementor-section-boxed elementor-section-height-default elementor-section-height-default\" data-id=\"17b0626d\" data-element_type=\"section\">\n\t\t\t\t\t\t<div class=\"elementor-container elementor-column-gap-wider\">\n\t\t\t\t\t<div class=\"elementor-column elementor-col-100 elementor-top-column elementor-element elementor-element-4a63ea05\" data-id=\"4a63ea05\" data-element_type=\"column\">\n\t\t\t<div class=\"elementor-widget-wrap elementor-element-populated\">\n\t\t\t\t\t\t<div class=\"elementor-element elementor-element-248d1d39 elementor-widget elementor-widget-heading\" data-id=\"248d1d39\" data-element_type=\"widget\" data-widget_type=\"heading.default\">\n\t\t\t\t<div class=\"elementor-widget-container\">\n\t\t\t\t\t<h3 class=\"elementor-heading-title elementor-size-default\">Mach Dich bereit f\u00fcr Dein Abenteuer<\/h3>\t\t\t\t<\/div>\n\t\t\t\t<\/div>\n\t\t\t\t<div class=\"elementor-element elementor-element-211f2fdb elementor-widget elementor-widget-text-editor\" data-id=\"211f2fdb\" data-element_type=\"widget\" data-widget_type=\"text-editor.default\">\n\t\t\t\t<div class=\"elementor-widget-container\">\n\t\t\t\t\t\t\t\t\t<p>Klasse! Du willst ins Abenteuer Brasilien starten. Doch bevor es soweit ist, m\u00fcssen wir noch einiges vorbereiten. Damit alles in die Wege geleitet werden kann, gebe hier deine Daten ein. Alles weitere werden wir dir dann per E-Mail mitteilen.<\/p>\t\t\t\t\t\t\t\t<\/div>\n\t\t\t\t<\/div>\n\t\t\t\t<div class=\"elementor-element elementor-element-25c23c52 elementor-widget elementor-widget-course-form\" data-id=\"25c23c52\" data-element_type=\"widget\" data-widget_type=\"course-form.default\">\n\t\t\t\t<div class=\"elementor-widget-container\">\n\t\t\t\t\t<form id=\"course\" method=\"post\"><div class=\"course-form-container\" data-setup={\"picker_name\":\"#picker69e11274733b7\",\"enable\":null,\"error_color\":\"#F05454\",\"ajax_url\":\"https:\\\/\\\/kiteverein.de\\\/kitereisen\\\/wp-admin\\\/admin-ajax.php\",\"open_url\":true,\"url\":\"https:\\\/\\\/kiteverein.de\\\/kiteschule\\\/\",\"url_target\":\"_self\",\"url_rel\":\"follow\",\"price\":\"1499.00\",\"tax\":{\"tax_rate\":\"19\",\"tax_inclusive\":\"on\"},\"currency\":\"&#8364;\",\"title\":\"Kitereise@2021\"}><div class=\"course-date\"><h2>01 Datum w\u00e4hlen<\/h2><p>Zu welchem Termin m\u00f6chtest du dein Abenteuer erleben?<\/p><span><input id=\"picker69e11274733b7\" class=\"course-field-last\" placeholder=\"W\u00e4hle deinen Termin\" type=\"text\" name=\"coursedate\" tabindex=\"1\" value=\"\"\/><legend id=\"picker69e11274733b7_error\" class=\"course-field-legend\">Bitte suche dir ein Datum aus.<\/legend><\/span><\/div><div class=\"course-personal\"><h2>03 Pers\u00f6nliche Daten<\/h2><p>Damit ich alles weiter vorbereiten kann, ben\u00f6tige ich deine Daten.<\/p><span><input id=\"coursename\" type=\"text\" class=\"course-field\" placeholder=\"Vorname\" name=\"coursename\" tabindex=\"3\" value=\"\" autocomplete=\"none\"\/><legend id=\"coursename_error\" class=\"course-field-legend\">Bitte gebe deinen Namen ein.<\/legend><\/span><span><input id=\"coursesurname\" type=\"text\" class=\"course-field-last\" placeholder=\"Nachname\" name=\"coursesurname\" tabindex=\"4\" value=\"\" autocomplete=\"none\"\/><legend id=\"coursesurname_error\" class=\"course-field-legend\">Bitte gebe deinen Nachnamen ein.<\/legend><\/span><\/div><div class=\"course-persons\"><h2>02 Anzahl Personen<\/h2><p>Gebe an, f\u00fcr wieviele Personen du das Abenteuer Basilien buchen willst.<\/p><span class=\"form__options\"><span class=\"form__answer\"><input type=\"radio\" value=\"1\" id=\"coursepersons_1\" name=\"coursepersons\" tabindex=\"2\" checked><label for=\"coursepersons_1\"><svg xmlns=\"http:\/\/www.w3.org\/2000\/svg\" viewBox=\"0 0 512 512\"><path d=\"M436.3 75.7C388 27.4 324.1 0 256 0 115.343 0 0 115.116 0 256c0 140.958 115.075 256 256 256 140.306 0 256-114.59 256-256 0-68.1-27.4-132-75.7-180.3zM256 451c-107.786 0-195-86.985-195-195 0-42 13.2-81.9 37.5-114.9l272.4 272.1C337.9 437.8 298 451 256 451zm157.2-80.1L141.1 98.5C174.1 74.2 214 61 256 61c107.79 0 195 86.985 195 195 0 42-13.2 81.9-37.8 114.9z\"\/><\/svg><span>1<\/span><\/label><\/span><span class=\"form__answer\"><input type=\"radio\" value=\"2\" id=\"coursepersons_2\" name=\"coursepersons\" tabindex=\"2\" ><label for=\"coursepersons_2\"><svg xmlns=\"http:\/\/www.w3.org\/2000\/svg\" viewBox=\"0 0 512 512\"><path d=\"M436.3 75.7C388 27.4 324.1 0 256 0 115.343 0 0 115.116 0 256c0 140.958 115.075 256 256 256 140.306 0 256-114.59 256-256 0-68.1-27.4-132-75.7-180.3zM256 451c-107.786 0-195-86.985-195-195 0-42 13.2-81.9 37.5-114.9l272.4 272.1C337.9 437.8 298 451 256 451zm157.2-80.1L141.1 98.5C174.1 74.2 214 61 256 61c107.79 0 195 86.985 195 195 0 42-13.2 81.9-37.8 114.9z\"\/><\/svg><span>2<\/span><\/label><\/span><span class=\"form__answer\"><input type=\"radio\" value=\"3\" id=\"coursepersons_3\" name=\"coursepersons\" tabindex=\"2\" ><label for=\"coursepersons_3\"><svg xmlns=\"http:\/\/www.w3.org\/2000\/svg\" viewBox=\"0 0 512 512\"><path d=\"M436.3 75.7C388 27.4 324.1 0 256 0 115.343 0 0 115.116 0 256c0 140.958 115.075 256 256 256 140.306 0 256-114.59 256-256 0-68.1-27.4-132-75.7-180.3zM256 451c-107.786 0-195-86.985-195-195 0-42 13.2-81.9 37.5-114.9l272.4 272.1C337.9 437.8 298 451 256 451zm157.2-80.1L141.1 98.5C174.1 74.2 214 61 256 61c107.79 0 195 86.985 195 195 0 42-13.2 81.9-37.8 114.9z\"\/><\/svg><span>3<\/span><\/label><\/span><span class=\"form__answer\"><input type=\"radio\" value=\"4\" id=\"coursepersons_4\" name=\"coursepersons\" tabindex=\"2\" ><label for=\"coursepersons_4\"><svg xmlns=\"http:\/\/www.w3.org\/2000\/svg\" viewBox=\"0 0 512 512\"><path d=\"M436.3 75.7C388 27.4 324.1 0 256 0 115.343 0 0 115.116 0 256c0 140.958 115.075 256 256 256 140.306 0 256-114.59 256-256 0-68.1-27.4-132-75.7-180.3zM256 451c-107.786 0-195-86.985-195-195 0-42 13.2-81.9 37.5-114.9l272.4 272.1C337.9 437.8 298 451 256 451zm157.2-80.1L141.1 98.5C174.1 74.2 214 61 256 61c107.79 0 195 86.985 195 195 0 42-13.2 81.9-37.8 114.9z\"\/><\/svg><span>4<\/span><\/label><\/span><\/span><\/div><div class=\"course-contact-container\"><div class=\"course-contact\"><h2>04 Kontakt<\/h2><p>Damit wir Kontakt zu dir aufnehmen k\u00f6nnen, ben\u00f6tigen wir deine E-Mail Adresse oder Telefonnummer.<\/p><p><span><input id=\"courseemail\" type=\"email\" pattern=\"[A-Za-z0-9._%+-]+@[A-Za-z0-9.-]+\\.[A-Za-z]{1,63}$\" class=\"course-field\" placeholder=\"E-Mail Adresse\" name=\"coursemail\" tabindex=\"5\" value=\"\" autocomplete=\"none\" \/><legend id=\"courseemail_error\" class=\"course-field-legend\">Bitte gebe deinen Email Adresse ein.<\/legend><\/span><span><input id=\"coursephone\" pattern=\"\\d*\"\/ type=\"tel\" pattern=\"[0-9]{3}-[0-9]{3}-[0-9]{4}\" class=\"course-field-last\" placeholder=\"Telefonnummer\" name=\"coursephone\" tabindex=\"6\" value=\"\" autocomplete=\"none\" \/><legend id=\"coursephone_error\" class=\"course-field-legend\">Bitte gebe deine Telefonnummer ein.<\/legend><\/span><\/p><input id=\"coursecode\" type=\"hidden\" name=\"coursecode\" tabindex=\"-1\" value=\"80\" autocomplete=\"off\" \/><input id=\"courseprice\" type=\"hidden\" name=\"courseprice\" tabindex=\"-1\" value=\"1499.00\" autocomplete=\"off\" \/><input id=\"coursereq\" type=\"hidden\" name=\"coursereq\" tabindex=\"-1\" value=\"per_person\" autocomplete=\"off\" \/><\/div><div class=\"course-summary\"><h2>05 Zusammenfassung<\/h2><p>Bitte pr\u00fcfe deine Buchungsangaben.<\/p><div id=\"course-summary\"><h2 id=\"count\">1 x Kitereise 2021<\/h2><h2 id=\"price\" style=\"text-align:right;\">1499,00 &#8364;<\/h2><h2>inklusive 19% MwSt.<\/h2><h2 id=\"tax\" style=\"text-align:right;\">0,00 &#8364;<\/h2><\/div><div id=\"course-summary\"><div class=\"course-summary-left\"><div class=\"left-end bord\"><h3>Gesamtpreis<\/h3><\/div><\/div><div class=\"course-summary-right\"><div class=\"right-end bord\"><h3 id=\"total\">1499,00 &#8364;<\/h3><input id=\"coursetotal\" type=\"hidden\" name=\"coursetotal\" tabindex=\"-1\" value=\"1499\" autocomplete=\"off\" \/><input id=\"coursetax\" type=\"hidden\" name=\"coursetax\" tabindex=\"-1\" value=\"0\" autocomplete=\"off\" \/><input id=\"coursetaxrate\" type=\"hidden\" name=\"coursetaxrate\" tabindex=\"-1\" value=\"19\" autocomplete=\"off\" \/><\/div><\/div><\/div><\/div><\/div><\/div><div class=\"course-requirements\"><input id=\"usercode\" type=\"text\" name=\"usercode\" tabindex=\"-1\" value=\"\" autocomplete=\"off\" \/><\/div><div class=\"course-send\"><input type =\"button\" id=\"course__submit\" value=\"Jetzt Buchungsanfrage senden\" tabindex=\"7\"><\/div><\/form><div id=\"form__send\"><div class=\"ajax_success_close\"><div class=\"close\"><\/div><\/div><div class=\"ajax_success\"><h2>Vielen Dank<\/h2><p>Danke f\u00fcr deine Buchungsanfrage zum Abenteuer Kiteverein goes Basil 2021. Ich habe bereits eine E-Mail mit deinen angegeben Daten erhalten und werde mich mit dir in Verbindung setzen.<br \/>\n<br \/>\nLiebe Gr\u00fc\u00dfe Ralf<\/p><\/div><\/div><style>\n            .loading-animation:before {\n              content: \"Sende Daten.\";\n              position: absolute;\n              top: -32px;\n              width: 100%;\n    left: 0;\n    text-align: center;\n            }\n            .loading-animation:after {\n              content: \"Bitte warte einen kurzen Moment.\";\n              position: absolute;\n              top: 12px;\n              width: 100%;\n    left: 0;\n    text-align: center;\n            }\n            <\/style><div id=\"load\"><div id=\"loader\">\n            <div class=\"loader_plate\">\n\n            <ul class=\"loading-animation\">\n  <li><\/li>\n  <li><\/li>\n  <li><\/li>\n  <li><\/li>\n  <li><\/li>\n<\/ul>\n\n            <\/div><\/div><\/div>\t\t\t\t<\/div>\n\t\t\t\t<\/div>\n\t\t\t\t<div class=\"elementor-element elementor-element-346fdca elementor-widget elementor-widget-text-editor\" data-id=\"346fdca\" data-element_type=\"widget\" data-widget_type=\"text-editor.default\">\n\t\t\t\t<div class=\"elementor-widget-container\">\n\t\t\t\t\t\t\t\t\t<p>Deine Angaben werden durch die Datenschutzgrundverordnung gesch\u00fctzt behandelt. Damit du bald alles zu deinem Abenteuer Basilien planen kannst, werden deine angegebenen Daten gepr\u00fcft. Speziell pr\u00fcfen wir deinen Wunschtermin, ob an diesem Tag noch Pl\u00e4tze zu dieser Kitereise 2021 verf\u00fcgbar sind. Eine eindeutige Buchungsbest\u00e4tigung senden wir dir nach erfolgreicher Pr\u00fcfung zu.<\/p>\t\t\t\t\t\t\t\t<\/div>\n\t\t\t\t<\/div>\n\t\t\t\t\t<\/div>\n\t\t<\/div>\n\t\t\t\t\t<\/div>\n\t\t<\/section>\n\t\t\t\t<section class=\"elementor-section elementor-top-section elementor-element elementor-element-d4147a0 elementor-section-content-top elementor-section-boxed elementor-section-height-default elementor-section-height-default\" data-id=\"d4147a0\" data-element_type=\"section\">\n\t\t\t\t\t\t<div class=\"elementor-container elementor-column-gap-wider\">\n\t\t\t\t\t<div class=\"elementor-column elementor-col-100 elementor-top-column elementor-element elementor-element-0b530e8\" data-id=\"0b530e8\" data-element_type=\"column\">\n\t\t\t<div class=\"elementor-widget-wrap elementor-element-populated\">\n\t\t\t\t\t\t<div class=\"elementor-element elementor-element-5688031 elementor-widget elementor-widget-heading\" data-id=\"5688031\" data-element_type=\"widget\" data-widget_type=\"heading.default\">\n\t\t\t\t<div class=\"elementor-widget-container\">\n\t\t\t\t\t<h3 class=\"elementor-heading-title elementor-size-default\">Teile Deine Erfahrungen mit deinen Freunden<\/h3>\t\t\t\t<\/div>\n\t\t\t\t<\/div>\n\t\t\t\t<div class=\"elementor-element elementor-element-2514daf elementor-widget elementor-widget-text-editor\" data-id=\"2514daf\" data-element_type=\"widget\" data-widget_type=\"text-editor.default\">\n\t\t\t\t<div class=\"elementor-widget-container\">\n\t\t\t\t\t\t\t\t\t<p>Werde ein Fan vom Kiteverein und erz\u00e4hle deinen Freunden und Bekannten von unserem Angebot Kiteverein goes Brasil 2021. Mit deiner Hilfe werden wir immer besser und k\u00f6nnen dir damit noch mehr bieten. Wir brauchen deine Unterst\u00fctzung, mit nur einem Klick.<\/p>\t\t\t\t\t\t\t\t<\/div>\n\t\t\t\t<\/div>\n\t\t\t\t<div class=\"elementor-element elementor-element-be6ed39 elementor-widget elementor-widget-shortcode\" data-id=\"be6ed39\" data-element_type=\"widget\" data-widget_type=\"shortcode.default\">\n\t\t\t\t<div class=\"elementor-widget-container\">\n\t\t\t\t\t\t\t<div class=\"elementor-shortcode\"><div class=\"shariff shariff-align-center shariff-widget-align-center\"><ul class=\"shariff-buttons theme-round orientation-horizontal buttonsize-medium\"><li class=\"shariff-button twitter\" style=\"background-color:#F05454;border-radius:50%\"><a href=\"https:\/\/twitter.com\/share?url=https%3A%2F%2Fkiteverein.de%2Fkitereisen%2Fstartseite-2%2F&text=Kiteverein%20Goes%20Brasil%202021\" title=\"Bei X teilen\" aria-label=\"Bei X teilen\" role=\"button\" rel=\"noopener nofollow\" class=\"shariff-link\" style=\";border-radius:50%; background-color:#1B262C; color:#fff\" target=\"_blank\"><span class=\"shariff-icon\" style=\"\"><svg width=\"32px\" height=\"20px\" xmlns=\"http:\/\/www.w3.org\/2000\/svg\" viewBox=\"0 0 24 24\"><path fill=\"#000\" d=\"M14.258 10.152L23.176 0h-2.113l-7.747 8.813L7.133 0H0l9.352 13.328L0 23.973h2.113l8.176-9.309 6.531 9.309h7.133zm-2.895 3.293l-.949-1.328L2.875 1.56h3.246l6.086 8.523.945 1.328 7.91 11.078h-3.246zm0 0\"\/><\/svg><\/span><\/a><\/li><li class=\"shariff-button facebook\" style=\"background-color:#F05454;border-radius:50%\"><a href=\"https:\/\/www.facebook.com\/sharer\/sharer.php?u=https%3A%2F%2Fkiteverein.de%2Fkitereisen%2Fstartseite-2%2F\" title=\"Bei Facebook teilen\" aria-label=\"Bei Facebook teilen\" role=\"button\" rel=\"nofollow\" class=\"shariff-link\" style=\";border-radius:50%; background-color:#1B262C; color:#fff\" target=\"_blank\"><span class=\"shariff-icon\" style=\"\"><svg width=\"32px\" height=\"20px\" xmlns=\"http:\/\/www.w3.org\/2000\/svg\" viewBox=\"0 0 18 32\"><path fill=\"#3b5998\" d=\"M17.1 0.2v4.7h-2.8q-1.5 0-2.1 0.6t-0.5 1.9v3.4h5.2l-0.7 5.3h-4.5v13.6h-5.5v-13.6h-4.5v-5.3h4.5v-3.9q0-3.3 1.9-5.2t5-1.8q2.6 0 4.1 0.2z\"\/><\/svg><\/span><\/a><\/li><li class=\"shariff-button telegram\" style=\"background-color:#F05454;border-radius:50%\"><a href=\"https:\/\/telegram.me\/share\/url?url=https%3A%2F%2Fkiteverein.de%2Fkitereisen%2Fstartseite-2%2F&text=Kiteverein%20Goes%20Brasil%202021\" title=\"Bei Telegram teilen\" aria-label=\"Bei Telegram teilen\" role=\"button\" rel=\"noopener nofollow\" class=\"shariff-link\" style=\";border-radius:50%; background-color:#1B262C; color:#fff\" target=\"_blank\"><span class=\"shariff-icon\" style=\"\"><svg width=\"32px\" height=\"20px\" xmlns=\"http:\/\/www.w3.org\/2000\/svg\" viewBox=\"0 0 32 32\"><path fill=\"#0088cc\" d=\"M30.8 6.5l-4.5 21.4c-.3 1.5-1.2 1.9-2.5 1.2L16.9 24l-3.3 3.2c-.4.4-.7.7-1.4.7l.5-7L25.5 9.2c.6-.5-.1-.8-.9-.3l-15.8 10L2 16.7c-1.5-.5-1.5-1.5.3-2.2L28.9 4.3c1.3-.5 2.3.3 1.9 2.2z\"\/><\/svg><\/span><\/a><\/li><li class=\"shariff-button whatsapp\" style=\"background-color:#F05454;border-radius:50%\"><a href=\"https:\/\/api.whatsapp.com\/send?text=https%3A%2F%2Fkiteverein.de%2Fkitereisen%2Fstartseite-2%2F%20Kiteverein%20Goes%20Brasil%202021\" title=\"Bei Whatsapp teilen\" aria-label=\"Bei Whatsapp teilen\" role=\"button\" rel=\"noopener nofollow\" class=\"shariff-link\" style=\";border-radius:50%; background-color:#1B262C; color:#fff\" target=\"_blank\"><span class=\"shariff-icon\" style=\"\"><svg width=\"32px\" height=\"20px\" xmlns=\"http:\/\/www.w3.org\/2000\/svg\" viewBox=\"0 0 32 32\"><path fill=\"#34af23\" d=\"M17.6 17.4q0.2 0 1.7 0.8t1.6 0.9q0 0.1 0 0.3 0 0.6-0.3 1.4-0.3 0.7-1.3 1.2t-1.8 0.5q-1 0-3.4-1.1-1.7-0.8-3-2.1t-2.6-3.3q-1.3-1.9-1.3-3.5v-0.1q0.1-1.6 1.3-2.8 0.4-0.4 0.9-0.4 0.1 0 0.3 0t0.3 0q0.3 0 0.5 0.1t0.3 0.5q0.1 0.4 0.6 1.6t0.4 1.3q0 0.4-0.6 1t-0.6 0.8q0 0.1 0.1 0.3 0.6 1.3 1.8 2.4 1 0.9 2.7 1.8 0.2 0.1 0.4 0.1 0.3 0 1-0.9t0.9-0.9zM14 26.9q2.3 0 4.3-0.9t3.6-2.4 2.4-3.6 0.9-4.3-0.9-4.3-2.4-3.6-3.6-2.4-4.3-0.9-4.3 0.9-3.6 2.4-2.4 3.6-0.9 4.3q0 3.6 2.1 6.6l-1.4 4.2 4.3-1.4q2.8 1.9 6.2 1.9zM14 2.2q2.7 0 5.2 1.1t4.3 2.9 2.9 4.3 1.1 5.2-1.1 5.2-2.9 4.3-4.3 2.9-5.2 1.1q-3.5 0-6.5-1.7l-7.4 2.4 2.4-7.2q-1.9-3.2-1.9-6.9 0-2.7 1.1-5.2t2.9-4.3 4.3-2.9 5.2-1.1z\"\/><\/svg><\/span><\/a><\/li><li class=\"shariff-button mailto\" style=\"background-color:#F05454;border-radius:50%\"><a href=\"mailto:?body=https%3A%2F%2Fkiteverein.de%2Fkitereisen%2Fstartseite-2%2F&subject=Kiteverein%20Goes%20Brasil%202021\" title=\"Per E-Mail versenden\" aria-label=\"Per E-Mail versenden\" role=\"button\" rel=\"noopener nofollow\" class=\"shariff-link\" style=\";border-radius:50%; background-color:#1B262C; color:#fff\"><span class=\"shariff-icon\" style=\"\"><svg width=\"32px\" height=\"20px\" xmlns=\"http:\/\/www.w3.org\/2000\/svg\" viewBox=\"0 0 32 32\"><path fill=\"#999\" d=\"M32 12.7v14.2q0 1.2-0.8 2t-2 0.9h-26.3q-1.2 0-2-0.9t-0.8-2v-14.2q0.8 0.9 1.8 1.6 6.5 4.4 8.9 6.1 1 0.8 1.6 1.2t1.7 0.9 2 0.4h0.1q0.9 0 2-0.4t1.7-0.9 1.6-1.2q3-2.2 8.9-6.1 1-0.7 1.8-1.6zM32 7.4q0 1.4-0.9 2.7t-2.2 2.2q-6.7 4.7-8.4 5.8-0.2 0.1-0.7 0.5t-1 0.7-0.9 0.6-1.1 0.5-0.9 0.2h-0.1q-0.4 0-0.9-0.2t-1.1-0.5-0.9-0.6-1-0.7-0.7-0.5q-1.6-1.1-4.7-3.2t-3.6-2.6q-1.1-0.7-2.1-2t-1-2.5q0-1.4 0.7-2.3t2.1-0.9h26.3q1.2 0 2 0.8t0.9 2z\"\/><\/svg><\/span><\/a><\/li><\/ul><\/div><\/div>\n\t\t\t\t\t\t<\/div>\n\t\t\t\t<\/div>\n\t\t\t\t\t<\/div>\n\t\t<\/div>\n\t\t\t\t\t<\/div>\n\t\t<\/section>\n\t\t\t\t<\/div>\n\t\t","protected":false},"excerpt":{"rendered":"<p>Kiteverein Goes Brasil 2021 Es geht wieder los. Kiteverein goes Basil. Wir planen bereits f\u00fcr\u00b4s Jahr 2021 erneut Brasilien mit unseren Abenteuern zu besuchen und wollen dich einladen. Sei dabei! Erlebe ein unvergessliches Abenteuer mit dem Kiteverein. Lerne Land und Leute kennen und berichte von deinem erlebten! Du willst dabei sein? Du willst auch ein [&hellip;]<\/p>\n","protected":false},"author":1,"featured_media":0,"parent":0,"menu_order":0,"comment_status":"closed","ping_status":"closed","template":"","meta":{"footnotes":""},"class_list":["post-106","page","type-page","status-publish","hentry"],"_links":{"self":[{"href":"https:\/\/kiteverein.de\/kitereisen\/wp-json\/wp\/v2\/pages\/106","targetHints":{"allow":["GET"]}}],"collection":[{"href":"https:\/\/kiteverein.de\/kitereisen\/wp-json\/wp\/v2\/pages"}],"about":[{"href":"https:\/\/kiteverein.de\/kitereisen\/wp-json\/wp\/v2\/types\/page"}],"author":[{"embeddable":true,"href":"https:\/\/kiteverein.de\/kitereisen\/wp-json\/wp\/v2\/users\/1"}],"replies":[{"embeddable":true,"href":"https:\/\/kiteverein.de\/kitereisen\/wp-json\/wp\/v2\/comments?post=106"}],"version-history":[{"count":40,"href":"https:\/\/kiteverein.de\/kitereisen\/wp-json\/wp\/v2\/pages\/106\/revisions"}],"predecessor-version":[{"id":569,"href":"https:\/\/kiteverein.de\/kitereisen\/wp-json\/wp\/v2\/pages\/106\/revisions\/569"}],"wp:attachment":[{"href":"https:\/\/kiteverein.de\/kitereisen\/wp-json\/wp\/v2\/media?parent=106"}],"curies":[{"name":"wp","href":"https:\/\/api.w.org\/{rel}","templated":true}]}}